{"id":315,"date":"2024-11-06T23:20:29","date_gmt":"2024-11-06T22:20:29","guid":{"rendered":"https:\/\/e3cecolecreative.fr\/?page_id=315"},"modified":"2024-11-20T15:23:32","modified_gmt":"2024-11-20T14:23:32","slug":"stacy","status":"publish","type":"page","link":"https:\/\/e3cecolecreative.fr\/index.php\/stacy\/","title":{"rendered":"Stacy &#8211; Intervenante Anglais"},"content":{"rendered":"\n<div class=\"wp-block-group\"><div class=\"wp-block-group__inner-container is-layout-constrained wp-block-group-is-layout-constrained\">\n<div class=\"wp-block-columns is-layout-flex wp-container-core-columns-is-layout-9d6595d7 wp-block-columns-is-layout-flex\">\n<div class=\"wp-block-column is-layout-flow wp-block-column-is-layout-flow\" style=\"flex-basis:33.33%\"><div class=\"wp-block-image\">\n<figure class=\"aligncenter size-full\"><img decoding=\"async\" width=\"181\" height=\"205\" src=\"http:\/\/e3cecolecreative.fr\/wp-content\/uploads\/2024\/11\/image.png\" alt=\"\" class=\"wp-image-316\"\/><\/figure>\n<\/div><\/div>\n\n\n\n<div class=\"wp-block-column is-vertically-aligned-center is-layout-flow wp-block-column-is-layout-flow\" style=\"flex-basis:66.66%\">\n<p class=\"has-text-align-center\"><strong>Qui suis-je&nbsp;?<\/strong><\/p>\n\n\n\n<p>G\u00e9rante du Ranch des Grands Soleils et accompagnatrice de tourisme \u00e9questre dipl\u00f4m\u00e9e<br>Mari\u00e9e \u00e0 un v\u00e9ritable Cowboy Am\u00e9ricain, j\u2019ai \u00e9galement effectu\u00e9 de nombreux s\u00e9jours (travail et loisirs) aux Etats-Unis et en Australie<br>L\u2019anglais est ma langue de vie au quotidien<\/p>\n<\/div>\n<\/div>\n<\/div><\/div>\n\n\n\n<p class=\"has-text-align-center\"><strong>Mon petit plus \u2026<br><\/strong>J\u2019aime le partage de mes passions notamment l\u2019\u00e9quitation Western et les activit\u00e9s en famille<\/p>\n\n\n\n<p class=\"has-text-align-right\"><br><br><a href=\"https:\/\/grandssoleils.e-monsite.com\/\" target=\"_blank\" rel=\"noreferrer noopener\">Visitez le Ranch des Grands Soleils<\/a><\/p>\n\n\n<div class=\"wp-block-image is-style-default\">\n<figure class=\"alignright size-thumbnail is-resized\"><a href=\"https:\/\/grandssoleils.e-monsite.com\/\" target=\"_blank\" rel=\" noreferrer noopener\"><img decoding=\"async\" width=\"150\" height=\"150\" src=\"https:\/\/e3cecolecreative.fr\/wp-content\/uploads\/2024\/11\/logo_ranch_stacy-150x150.jpg\" alt=\"\" class=\"wp-image-449\" style=\"width:100px\"\/><\/a><\/figure>\n<\/div>","protected":false},"excerpt":{"rendered":"<p>Qui suis-je&nbsp;? G\u00e9rante du Ranch des Grands Soleils et accompagnatrice de tourisme \u00e9questre dipl\u00f4m\u00e9eMari\u00e9e \u00e0 un v\u00e9ritable Cowboy Am\u00e9ricain, j\u2019ai \u00e9galement effectu\u00e9 de nombreux s\u00e9jours (travail et loisirs) aux Etats-Unis et en AustralieL\u2019anglais est ma langue de vie au quotidien Mon petit plus \u2026J\u2019aime le partage de mes passions notamment l\u2019\u00e9quitation Western et les activit\u00e9s&hellip;&nbsp;<a href=\"https:\/\/e3cecolecreative.fr\/index.php\/stacy\/\" rel=\"bookmark\">Lire la suite &raquo;<span class=\"screen-reader-text\">Stacy &#8211; Intervenante Anglais<\/span><\/a><\/p>\n","protected":false},"author":1,"featured_media":0,"parent":0,"menu_order":0,"comment_status":"closed","ping_status":"closed","template":"","meta":{"neve_meta_sidebar":"","neve_meta_container":"","neve_meta_enable_content_width":"","neve_meta_content_width":0,"neve_meta_title_alignment":"","neve_meta_author_avatar":"","neve_post_elements_order":"","neve_meta_disable_header":"","neve_meta_disable_footer":"","neve_meta_disable_title":"","footnotes":""},"class_list":["post-315","page","type-page","status-publish","hentry"],"_links":{"self":[{"href":"https:\/\/e3cecolecreative.fr\/index.php\/wp-json\/wp\/v2\/pages\/315","targetHints":{"allow":["GET"]}}],"collection":[{"href":"https:\/\/e3cecolecreative.fr\/index.php\/wp-json\/wp\/v2\/pages"}],"about":[{"href":"https:\/\/e3cecolecreative.fr\/index.php\/wp-json\/wp\/v2\/types\/page"}],"author":[{"embeddable":true,"href":"https:\/\/e3cecolecreative.fr\/index.php\/wp-json\/wp\/v2\/users\/1"}],"replies":[{"embeddable":true,"href":"https:\/\/e3cecolecreative.fr\/index.php\/wp-json\/wp\/v2\/comments?post=315"}],"version-history":[{"count":8,"href":"https:\/\/e3cecolecreative.fr\/index.php\/wp-json\/wp\/v2\/pages\/315\/revisions"}],"predecessor-version":[{"id":453,"href":"https:\/\/e3cecolecreative.fr\/index.php\/wp-json\/wp\/v2\/pages\/315\/revisions\/453"}],"wp:attachment":[{"href":"https:\/\/e3cecolecreative.fr\/index.php\/wp-json\/wp\/v2\/media?parent=315"}],"curies":[{"name":"wp","href":"https:\/\/api.w.org\/{rel}","templated":true}]}}