{"id":246,"date":"2024-11-06T22:29:15","date_gmt":"2024-11-06T21:29:15","guid":{"rendered":"https:\/\/e3cecolecreative.fr\/?page_id=246"},"modified":"2024-11-19T07:03:44","modified_gmt":"2024-11-19T06:03:44","slug":"notre-ecole","status":"publish","type":"page","link":"https:\/\/e3cecolecreative.fr\/index.php\/notre-ecole\/","title":{"rendered":"Notre \u00e9cole"},"content":{"rendered":"\n<div class=\"wp-block-group\"><div class=\"wp-block-group__inner-container is-layout-constrained wp-block-group-is-layout-constrained\">\n<p>L&rsquo;\u00e9cole est g\u00e9r\u00e9e depuis 2022 par Delphine et Marion.<br>Depuis 2023, un partenariat a \u00e9t\u00e9 \u00e9tabli avec la mairie de Jouarre.<\/p>\n\n\n\n<p>Elle accueille dans une ancienne \u00e9cole communale enti\u00e8rement r\u00e9nov\u00e9e les enfants de 3 \u00e0 15 ans. L&rsquo;\u00e9cole est partag\u00e9e en 2 grands espaces.&nbsp;<\/p>\n\n\n\n<p>Id\u00e9alement situ\u00e9e \u00e0 quelques minutes des for\u00eats et de la Marne, les acc\u00e8s \u00e0 la piscine, terrains de sport et m\u00e9diath\u00e8que sont \u00e0 quelques pas.&nbsp;<\/p>\n\n\n\n<p>L&rsquo;\u00e9cole dispose de mat\u00e9riel classique : tables, chaises, cahiers, calculatrice, compas &#8230; et de mat\u00e9riel Montessori (des diff\u00e9rentes aires sciences, culture, math\u00e9matiques, langage, sensoriel, vie pratique selon les ambiances), de mat\u00e9riel sportif, musical et informatique.<\/p>\n\n\n\n<p><\/p>\n<\/div><\/div>\n","protected":false},"excerpt":{"rendered":"<p>L&rsquo;\u00e9cole est g\u00e9r\u00e9e depuis 2022 par Delphine et Marion.Depuis 2023, un partenariat a \u00e9t\u00e9 \u00e9tabli avec la mairie de Jouarre. Elle accueille dans une ancienne \u00e9cole communale enti\u00e8rement r\u00e9nov\u00e9e les enfants de 3 \u00e0 15 ans. L&rsquo;\u00e9cole est partag\u00e9e en 2 grands espaces.&nbsp; Id\u00e9alement situ\u00e9e \u00e0 quelques minutes des for\u00eats et de la Marne, les&hellip;&nbsp;<a href=\"https:\/\/e3cecolecreative.fr\/index.php\/notre-ecole\/\" rel=\"bookmark\">Lire la suite &raquo;<span class=\"screen-reader-text\">Notre \u00e9cole<\/span><\/a><\/p>\n","protected":false},"author":1,"featured_media":0,"parent":0,"menu_order":0,"comment_status":"closed","ping_status":"closed","template":"","meta":{"neve_meta_sidebar":"","neve_meta_container":"","neve_meta_enable_content_width":"","neve_meta_content_width":0,"neve_meta_title_alignment":"","neve_meta_author_avatar":"","neve_post_elements_order":"","neve_meta_disable_header":"","neve_meta_disable_footer":"","neve_meta_disable_title":"","footnotes":""},"class_list":["post-246","page","type-page","status-publish","hentry"],"_links":{"self":[{"href":"https:\/\/e3cecolecreative.fr\/index.php\/wp-json\/wp\/v2\/pages\/246","targetHints":{"allow":["GET"]}}],"collection":[{"href":"https:\/\/e3cecolecreative.fr\/index.php\/wp-json\/wp\/v2\/pages"}],"about":[{"href":"https:\/\/e3cecolecreative.fr\/index.php\/wp-json\/wp\/v2\/types\/page"}],"author":[{"embeddable":true,"href":"https:\/\/e3cecolecreative.fr\/index.php\/wp-json\/wp\/v2\/users\/1"}],"replies":[{"embeddable":true,"href":"https:\/\/e3cecolecreative.fr\/index.php\/wp-json\/wp\/v2\/comments?post=246"}],"version-history":[{"count":4,"href":"https:\/\/e3cecolecreative.fr\/index.php\/wp-json\/wp\/v2\/pages\/246\/revisions"}],"predecessor-version":[{"id":412,"href":"https:\/\/e3cecolecreative.fr\/index.php\/wp-json\/wp\/v2\/pages\/246\/revisions\/412"}],"wp:attachment":[{"href":"https:\/\/e3cecolecreative.fr\/index.php\/wp-json\/wp\/v2\/media?parent=246"}],"curies":[{"name":"wp","href":"https:\/\/api.w.org\/{rel}","templated":true}]}}