{"id":244,"date":"2024-11-06T22:28:50","date_gmt":"2024-11-06T21:28:50","guid":{"rendered":"https:\/\/e3cecolecreative.fr\/?page_id=244"},"modified":"2025-01-29T15:37:41","modified_gmt":"2025-01-29T14:37:41","slug":"notre-equipe","status":"publish","type":"page","link":"https:\/\/e3cecolecreative.fr\/index.php\/notre-equipe\/","title":{"rendered":"Notre \u00e9quipe"},"content":{"rendered":"\n<p>Notre \u00e9quipe est compos\u00e9e de :<\/p>\n\n\n\n<p>3<strong> Enseignantes<\/strong> <strong>:<\/strong><\/p>\n\n\n\n<div class=\"wp-block-group\"><div class=\"wp-block-group__inner-container is-layout-constrained wp-block-group-is-layout-constrained\">\n<div class=\"wp-block-columns is-layout-flex wp-container-core-columns-is-layout-9d6595d7 wp-block-columns-is-layout-flex\">\n<div class=\"wp-block-column is-layout-flow wp-block-column-is-layout-flow\">\n<p class=\"has-text-align-center has-medium-font-size\"><strong><a href=\"https:\/\/e3cecolecreative.fr\/index.php\/christine\/\" data-type=\"page\" data-id=\"285\">Christine<\/a><\/strong><\/p>\n\n\n<div class=\"wp-block-image\">\n<figure class=\"aligncenter size-full is-resized has-custom-border\"><a href=\"https:\/\/e3cecolecreative.fr\/index.php\/christine\/\"><img decoding=\"async\" width=\"152\" height=\"207\" src=\"https:\/\/e3cecolecreative.fr\/wp-content\/uploads\/2024\/11\/IMG-20240112-WA0000-edited-2.jpg\" alt=\"\" class=\"wp-image-283\" style=\"border-width:2px;aspect-ratio:1;object-fit:cover;width:159px;height:auto\"\/><\/a><\/figure>\n<\/div><\/div>\n\n\n\n<div class=\"wp-block-column is-layout-flow wp-block-column-is-layout-flow\">\n<p class=\"has-text-align-center has-medium-font-size\"><strong><a href=\"https:\/\/e3cecolecreative.fr\/index.php\/delphine\/\" data-type=\"page\" data-id=\"289\">Delphine<\/a><\/strong><\/p>\n\n\n<div class=\"wp-block-image\">\n<figure class=\"aligncenter size-large is-resized has-custom-border\"><a href=\"https:\/\/e3cecolecreative.fr\/index.php\/delphine\/\"><img fetchpriority=\"high\" decoding=\"async\" width=\"399\" height=\"533\" src=\"https:\/\/e3cecolecreative.fr\/wp-content\/uploads\/2024\/11\/IMG-20230428-WA0004-edited.jpg\" alt=\"\" class=\"wp-image-277\" style=\"border-width:2px;aspect-ratio:1;object-fit:cover;width:161px;height:auto\" srcset=\"https:\/\/e3cecolecreative.fr\/wp-content\/uploads\/2024\/11\/IMG-20230428-WA0004-edited.jpg 399w, https:\/\/e3cecolecreative.fr\/wp-content\/uploads\/2024\/11\/IMG-20230428-WA0004-edited-225x300.jpg 225w\" sizes=\"(max-width: 399px) 100vw, 399px\" \/><\/a><\/figure>\n<\/div><\/div>\n\n\n\n<div class=\"wp-block-column is-layout-flow wp-block-column-is-layout-flow\">\n<p class=\"has-text-align-center has-medium-font-size\"><strong><a href=\"https:\/\/e3cecolecreative.fr\/index.php\/marion\/\" data-type=\"page\" data-id=\"287\">Marion<\/a><\/strong><\/p>\n\n\n<div class=\"wp-block-image\">\n<figure class=\"aligncenter size-large is-resized has-custom-border\"><a href=\"https:\/\/e3cecolecreative.fr\/index.php\/marion\/\"><img decoding=\"async\" width=\"399\" height=\"533\" src=\"https:\/\/e3cecolecreative.fr\/wp-content\/uploads\/2024\/11\/IMG-20230428-WA0004-1-edited.jpg\" alt=\"\" class=\"wp-image-280\" style=\"border-width:2px;aspect-ratio:1;object-fit:cover;width:162px;height:auto\" srcset=\"https:\/\/e3cecolecreative.fr\/wp-content\/uploads\/2024\/11\/IMG-20230428-WA0004-1-edited.jpg 399w, https:\/\/e3cecolecreative.fr\/wp-content\/uploads\/2024\/11\/IMG-20230428-WA0004-1-edited-225x300.jpg 225w\" sizes=\"(max-width: 399px) 100vw, 399px\" \/><\/a><\/figure>\n<\/div><\/div>\n<\/div>\n<\/div><\/div>\n\n\n\n<p>1<strong> Intervenante r\u00e9guli\u00e8re :<\/strong><\/p>\n\n\n\n<div class=\"wp-block-columns is-layout-flex wp-container-core-columns-is-layout-9d6595d7 wp-block-columns-is-layout-flex\">\n<div class=\"wp-block-column is-layout-flow wp-block-column-is-layout-flow\">\n<p class=\"has-text-align-center has-medium-font-size\"><a href=\"https:\/\/e3cecolecreative.fr\/index.php\/stacy\/\" data-type=\"page\" data-id=\"315\">Stacy<\/a><br><strong><em>Anglais<\/em> <\/strong><em>&#8211; Quotidien<\/em><\/p>\n\n\n<div class=\"wp-block-image\">\n<figure class=\"aligncenter size-full is-resized has-custom-border\"><a href=\"https:\/\/e3cecolecreative.fr\/index.php\/stacy\/\"><img loading=\"lazy\" decoding=\"async\" width=\"181\" height=\"205\" src=\"http:\/\/e3cecolecreative.fr\/wp-content\/uploads\/2024\/11\/image.png\" alt=\"\" class=\"wp-image-316\" style=\"border-width:2px;aspect-ratio:1;object-fit:cover;width:159px;height:auto\"\/><\/a><\/figure>\n<\/div><\/div>\n\n\n\n<div class=\"wp-block-column is-layout-flow wp-block-column-is-layout-flow\">\n<p class=\"has-text-align-center has-medium-font-size\"><\/p>\n\n\n\n<p class=\"has-text-align-center\"><br><\/p>\n<\/div>\n\n\n\n<div class=\"wp-block-column is-layout-flow wp-block-column-is-layout-flow\"><\/div>\n<\/div>\n\n\n\n<p><strong>Nombreux intervenants ponctuels<\/strong> <strong>:<\/strong><\/p>\n\n\n\n<div class=\"wp-block-group\"><div class=\"wp-block-group__inner-container is-layout-constrained wp-block-group-is-layout-constrained\">\n<div class=\"wp-block-columns is-layout-flex wp-container-core-columns-is-layout-9d6595d7 wp-block-columns-is-layout-flex\">\n<div class=\"wp-block-column is-layout-flow wp-block-column-is-layout-flow\">\n<p class=\"has-text-align-center has-medium-font-size\"><strong>Jo et Chlo\u00e9<\/strong><\/p>\n\n\n\n<p class=\"has-text-align-center\"><em>Nature<\/em><br>(<em>permaculture, apiculture, mosaique, jardinage&#8230; )<\/em><\/p>\n<\/div>\n\n\n\n<div class=\"wp-block-column is-layout-flow wp-block-column-is-layout-flow\">\n<p class=\"has-text-align-center has-medium-font-size\"><strong>Leslie<\/strong><\/p>\n\n\n\n<p class=\"has-text-align-center\"><em>Th\u00e9atre<\/em><br>B<em>rain gym<\/em><\/p>\n<\/div>\n\n\n\n<div class=\"wp-block-column is-layout-flow wp-block-column-is-layout-flow\">\n<p class=\"has-text-align-center has-medium-font-size\"><strong>Pierre<\/strong><\/p>\n\n\n\n<p class=\"has-text-align-center\"><em>\u00c9loquence<\/em><br><em>Th\u00e9atre<\/em><\/p>\n<\/div>\n\n\n\n<div class=\"wp-block-column is-layout-flow wp-block-column-is-layout-flow\">\n<p class=\"has-text-align-center has-medium-font-size\"><strong>Lucette<\/strong><\/p>\n\n\n\n<p class=\"has-text-align-center\"><em>Couture<\/em><\/p>\n<\/div>\n<\/div>\n<\/div><\/div>\n\n\n\n<div class=\"wp-block-columns is-layout-flex wp-container-core-columns-is-layout-9d6595d7 wp-block-columns-is-layout-flex\">\n<div class=\"wp-block-column is-layout-flow wp-block-column-is-layout-flow\">\n<p class=\"has-text-align-center has-medium-font-size\"><strong>Olivier et les r\u00e9sidents de l&rsquo;EHPAD de Coulommiers<\/strong><\/p>\n\n\n\n<p class=\"has-text-align-center\">Arts cr\u00e9atifs<\/p>\n<\/div>\n\n\n\n<div class=\"wp-block-column is-layout-flow wp-block-column-is-layout-flow\">\n<p class=\"has-text-align-center has-medium-font-size\"><strong>Franck<\/strong><\/p>\n\n\n\n<p class=\"has-text-align-center\">Litt\u00e9rature<\/p>\n<\/div>\n\n\n\n<div class=\"wp-block-column is-layout-flow wp-block-column-is-layout-flow\">\n<p class=\"has-text-align-center has-medium-font-size\"><strong>C\u00e9line<\/strong><\/p>\n\n\n\n<p class=\"has-text-align-center\">Projets humanitaire Cambodge<br>Sciences<\/p>\n<\/div>\n<\/div>\n","protected":false},"excerpt":{"rendered":"<p>Notre \u00e9quipe est compos\u00e9e de : 3 Enseignantes : Christine Delphine Marion 1 Intervenante r\u00e9guli\u00e8re : StacyAnglais &#8211; Quotidien Nombreux intervenants ponctuels : Jo et Chlo\u00e9 Nature(permaculture, apiculture, mosaique, jardinage&#8230; ) Leslie Th\u00e9atreBrain gym Pierre \u00c9loquenceTh\u00e9atre Lucette Couture Olivier et les r\u00e9sidents de l&rsquo;EHPAD de Coulommiers Arts cr\u00e9atifs Franck Litt\u00e9rature C\u00e9line Projets humanitaire CambodgeSciences<\/p>\n","protected":false},"author":1,"featured_media":0,"parent":0,"menu_order":0,"comment_status":"closed","ping_status":"closed","template":"","meta":{"neve_meta_sidebar":"","neve_meta_container":"","neve_meta_enable_content_width":"","neve_meta_content_width":0,"neve_meta_title_alignment":"","neve_meta_author_avatar":"","neve_post_elements_order":"","neve_meta_disable_header":"","neve_meta_disable_footer":"","neve_meta_disable_title":"","footnotes":""},"class_list":["post-244","page","type-page","status-publish","hentry"],"_links":{"self":[{"href":"https:\/\/e3cecolecreative.fr\/index.php\/wp-json\/wp\/v2\/pages\/244","targetHints":{"allow":["GET"]}}],"collection":[{"href":"https:\/\/e3cecolecreative.fr\/index.php\/wp-json\/wp\/v2\/pages"}],"about":[{"href":"https:\/\/e3cecolecreative.fr\/index.php\/wp-json\/wp\/v2\/types\/page"}],"author":[{"embeddable":true,"href":"https:\/\/e3cecolecreative.fr\/index.php\/wp-json\/wp\/v2\/users\/1"}],"replies":[{"embeddable":true,"href":"https:\/\/e3cecolecreative.fr\/index.php\/wp-json\/wp\/v2\/comments?post=244"}],"version-history":[{"count":27,"href":"https:\/\/e3cecolecreative.fr\/index.php\/wp-json\/wp\/v2\/pages\/244\/revisions"}],"predecessor-version":[{"id":592,"href":"https:\/\/e3cecolecreative.fr\/index.php\/wp-json\/wp\/v2\/pages\/244\/revisions\/592"}],"wp:attachment":[{"href":"https:\/\/e3cecolecreative.fr\/index.php\/wp-json\/wp\/v2\/media?parent=244"}],"curies":[{"name":"wp","href":"https:\/\/api.w.org\/{rel}","templated":true}]}}